{"id":34,"date":"2024-02-07T11:43:18","date_gmt":"2024-02-07T14:43:18","guid":{"rendered":"https:\/\/agencia.baciaspcj.org.br\/institucional2023\/?page_id=34"},"modified":"2024-03-18T15:34:28","modified_gmt":"2024-03-18T18:34:28","slug":"governanca-corporativa","status":"publish","type":"page","link":"https:\/\/agencia.baciaspcj.org.br\/institucional2023\/nossa-atuacao\/governanca-corporativa\/","title":{"rendered":"Governan\u00e7a corporativa"},"content":{"rendered":"<p>Em 2023, a Ag\u00eancia das Bacias PCJ evoluiu com a implanta\u00e7\u00e3o de um sistema de gerenciamento de riscos para os processos de contrata\u00e7\u00e3o das a\u00e7\u00f5es previstas e priorizadas segundo Plano das Bacias PCJ 2020 a 2035. O piloto do sistema de gerenciamento de risco foi implementado em tr\u00eas projetos da \u00e1rea t\u00e9cnica, contemplando o mapeamento dos riscos em rela\u00e7\u00e3o \u00e0 execu\u00e7\u00e3o dos contratos. Os crit\u00e9rios utilizados para a escolha dos projetos foram a complexidade em rela\u00e7\u00e3o \u00e0 tem\u00e1tica e o maior volume de desembolso.<\/p>\n<p>A iniciativa, al\u00e9m de atender a uma exig\u00eancia da certifica\u00e7\u00e3o ISO 9001:2015, \u00e9 fundamental para o atendimento integral \u00e0 nova Lei de Licita\u00e7\u00f5es (Lei n\u00ba 14.133 \/2021).<\/p>\n","protected":false},"excerpt":{"rendered":"<p>Estrutura de Governan\u00e7a e tomada de decis\u00f5es<\/p>\n","protected":false},"author":1,"featured_media":0,"parent":11,"menu_order":12,"comment_status":"closed","ping_status":"closed","template":"page-governanca.php","meta":{"_acf_changed":false,"footnotes":""},"acf":[],"_links":{"self":[{"href":"https:\/\/agencia.baciaspcj.org.br\/institucional2023\/wp-json\/wp\/v2\/pages\/34"}],"collection":[{"href":"https:\/\/agencia.baciaspcj.org.br\/institucional2023\/wp-json\/wp\/v2\/pages"}],"about":[{"href":"https:\/\/agencia.baciaspcj.org.br\/institucional2023\/wp-json\/wp\/v2\/types\/page"}],"author":[{"embeddable":true,"href":"https:\/\/agencia.baciaspcj.org.br\/institucional2023\/wp-json\/wp\/v2\/users\/1"}],"replies":[{"embeddable":true,"href":"https:\/\/agencia.baciaspcj.org.br\/institucional2023\/wp-json\/wp\/v2\/comments?post=34"}],"version-history":[{"count":21,"href":"https:\/\/agencia.baciaspcj.org.br\/institucional2023\/wp-json\/wp\/v2\/pages\/34\/revisions"}],"predecessor-version":[{"id":659,"href":"https:\/\/agencia.baciaspcj.org.br\/institucional2023\/wp-json\/wp\/v2\/pages\/34\/revisions\/659"}],"up":[{"embeddable":true,"href":"https:\/\/agencia.baciaspcj.org.br\/institucional2023\/wp-json\/wp\/v2\/pages\/11"}],"wp:attachment":[{"href":"https:\/\/agencia.baciaspcj.org.br\/institucional2023\/wp-json\/wp\/v2\/media?parent=34"}],"curies":[{"name":"wp","href":"https:\/\/api.w.org\/{rel}","templated":true}]}}