{"id":32,"date":"2024-02-07T11:42:50","date_gmt":"2024-02-07T14:42:50","guid":{"rendered":"https:\/\/agencia.baciaspcj.org.br\/institucional2023\/?page_id=32"},"modified":"2024-04-08T09:53:16","modified_gmt":"2024-04-08T12:53:16","slug":"gestao-e-estrategia","status":"publish","type":"page","link":"https:\/\/agencia.baciaspcj.org.br\/institucional2023\/nossa-atuacao\/gestao-e-estrategia\/","title":{"rendered":"Gest\u00e3o e estrat\u00e9gia"},"content":{"rendered":"<p>O processo de sele\u00e7\u00e3o de empreendimentos a serem executados por Prefeituras Municipais e Concession\u00e1rias de Saneamento, dentre outros atores, \u00e9 operacionalizado pela Ag\u00eancia das Bacias PCJ. Os empreendimentos s\u00e3o executados com recursos advindos da Cobran\u00e7as PCJ FEDERAL e FEHIDRO, que envolve a Cobran\u00e7a PCJ Paulista e CFURH.<\/p>\n<p>A Ag\u00eancia das Bacias PCJ \u00e9 respons\u00e1vel por todo o processo, desde a inscri\u00e7\u00e3o at\u00e9 a indica\u00e7\u00e3o dos tomadores que receber\u00e3o os recursos disponibilizados em cada exerc\u00edcio, al\u00e9m do acompanhamento do andamento do projeto at\u00e9 o seu encerramento. Cabe \u00e0 entidade, tamb\u00e9m, a execu\u00e7\u00e3o de a\u00e7\u00f5es, estudos, projetos e obras por meio de contrata\u00e7\u00e3o direta.<\/p>\n","protected":false},"excerpt":{"rendered":"<p>Compromissos nas atividades e rela\u00e7\u00f5es de neg\u00f3cios<\/p>\n","protected":false},"author":1,"featured_media":0,"parent":11,"menu_order":11,"comment_status":"closed","ping_status":"closed","template":"page-gestao.php","meta":{"_acf_changed":false,"footnotes":""},"acf":[],"_links":{"self":[{"href":"https:\/\/agencia.baciaspcj.org.br\/institucional2023\/wp-json\/wp\/v2\/pages\/32"}],"collection":[{"href":"https:\/\/agencia.baciaspcj.org.br\/institucional2023\/wp-json\/wp\/v2\/pages"}],"about":[{"href":"https:\/\/agencia.baciaspcj.org.br\/institucional2023\/wp-json\/wp\/v2\/types\/page"}],"author":[{"embeddable":true,"href":"https:\/\/agencia.baciaspcj.org.br\/institucional2023\/wp-json\/wp\/v2\/users\/1"}],"replies":[{"embeddable":true,"href":"https:\/\/agencia.baciaspcj.org.br\/institucional2023\/wp-json\/wp\/v2\/comments?post=32"}],"version-history":[{"count":26,"href":"https:\/\/agencia.baciaspcj.org.br\/institucional2023\/wp-json\/wp\/v2\/pages\/32\/revisions"}],"predecessor-version":[{"id":746,"href":"https:\/\/agencia.baciaspcj.org.br\/institucional2023\/wp-json\/wp\/v2\/pages\/32\/revisions\/746"}],"up":[{"embeddable":true,"href":"https:\/\/agencia.baciaspcj.org.br\/institucional2023\/wp-json\/wp\/v2\/pages\/11"}],"wp:attachment":[{"href":"https:\/\/agencia.baciaspcj.org.br\/institucional2023\/wp-json\/wp\/v2\/media?parent=32"}],"curies":[{"name":"wp","href":"https:\/\/api.w.org\/{rel}","templated":true}]}}