{"id":104,"date":"2024-02-26T17:41:11","date_gmt":"2024-02-26T20:41:11","guid":{"rendered":"https:\/\/agencia.baciaspcj.org.br\/institucional2023\/?page_id=104"},"modified":"2024-04-08T15:23:07","modified_gmt":"2024-04-08T18:23:07","slug":"emprego-treinamento-e-educacao","status":"publish","type":"page","link":"https:\/\/agencia.baciaspcj.org.br\/institucional2023\/temas-materiais\/emprego-treinamento-e-educacao\/","title":{"rendered":"Emprego, Treinamento e Educa\u00e7\u00e3o"},"content":{"rendered":"<h2>Refor\u00e7o na equipe em 2023<\/h2>\n<p>A gest\u00e3o de pessoas, na Ag\u00eancia das Bacias PCJ, dedica especial aten\u00e7\u00e3o \u00e0 promo\u00e7\u00e3o do desenvolvimento de compet\u00eancias t\u00e9cnicas e comportamentais dos colaboradores.<\/p>\n<p>Em 2023, o quadro de colaboradores cresceu 27%, passando de 60 para 76 colaboradores que formam uma equipe jovem, de caracter\u00edsticas heterog\u00eaneas e com qualidade t\u00e9cnica. Esse \u00e9 o perfil desejado pela entidade para uma din\u00e2mica saud\u00e1vel no ambiente de trabalho, aspecto fundamental para que a Ag\u00eancia das Bacias PCJ alcance sua Vis\u00e3o de Futuro.<\/p>\n<p>(GRI 3-3)<\/p>\n","protected":false},"excerpt":{"rendered":"<p>Refor\u00e7o na equipe em 2023 A gest\u00e3o de pessoas, na Ag\u00eancia das Bacias PCJ, dedica especial aten\u00e7\u00e3o \u00e0 promo\u00e7\u00e3o do desenvolvimento de compet\u00eancias t\u00e9cnicas e [&hellip;]<\/p>\n","protected":false},"author":1,"featured_media":0,"parent":13,"menu_order":23,"comment_status":"closed","ping_status":"closed","template":"page-emprego.php","meta":{"_acf_changed":false,"footnotes":""},"acf":[],"_links":{"self":[{"href":"https:\/\/agencia.baciaspcj.org.br\/institucional2023\/wp-json\/wp\/v2\/pages\/104"}],"collection":[{"href":"https:\/\/agencia.baciaspcj.org.br\/institucional2023\/wp-json\/wp\/v2\/pages"}],"about":[{"href":"https:\/\/agencia.baciaspcj.org.br\/institucional2023\/wp-json\/wp\/v2\/types\/page"}],"author":[{"embeddable":true,"href":"https:\/\/agencia.baciaspcj.org.br\/institucional2023\/wp-json\/wp\/v2\/users\/1"}],"replies":[{"embeddable":true,"href":"https:\/\/agencia.baciaspcj.org.br\/institucional2023\/wp-json\/wp\/v2\/comments?post=104"}],"version-history":[{"count":35,"href":"https:\/\/agencia.baciaspcj.org.br\/institucional2023\/wp-json\/wp\/v2\/pages\/104\/revisions"}],"predecessor-version":[{"id":797,"href":"https:\/\/agencia.baciaspcj.org.br\/institucional2023\/wp-json\/wp\/v2\/pages\/104\/revisions\/797"}],"up":[{"embeddable":true,"href":"https:\/\/agencia.baciaspcj.org.br\/institucional2023\/wp-json\/wp\/v2\/pages\/13"}],"wp:attachment":[{"href":"https:\/\/agencia.baciaspcj.org.br\/institucional2023\/wp-json\/wp\/v2\/media?parent=104"}],"curies":[{"name":"wp","href":"https:\/\/api.w.org\/{rel}","templated":true}]}}